{"id":438,"date":"2025-12-03T12:26:08","date_gmt":"2025-12-03T12:26:08","guid":{"rendered":"https:\/\/somosmosca.com.ar\/?post_type=product&#038;p=438"},"modified":"2026-04-09T18:18:22","modified_gmt":"2026-04-09T18:18:22","slug":"paradig","status":"publish","type":"product","link":"https:\/\/somosmosca.com.ar\/index.php\/producto\/paradig\/","title":{"rendered":"ca\u00f1a thomas &amp; thomas paradigm"},"content":{"rendered":"<p><span data-sheets-root=\"1\">Preg\u00fantale a un grupo de pescadores experimentados cu\u00e1l es la mejor ca\u00f1a para mosca seca de todos los tiempos, y seguro que mencionar\u00e1n la T&amp;T Paradigm m\u00e1s de una vez. Luego de veinte a\u00f1os seguimos con la misma inspiraci\u00f3n que la convirti\u00f3 una leyenda para crear una nueva Paradigm para el siglo XXI.<br \/>\nSi bien el avance tecnol\u00f3gico ha superado los l\u00edmites del peso de la ca\u00f1a, la velocidad de la l\u00ednea y la distancia de lance, la esencia de acechar una trucha y presentar la mosca permanece inalterada. Con esto en mente, nos propusimos capturar la sensaci\u00f3n \u00fanica que hizo de las ca\u00f1as de mosca Paradigm originales una herramienta tan m\u00e1gica.<br \/>\n\u2022 Gu\u00edas REC de un solo pie de aleaci\u00f3n de titanio.<br \/>\n\u2022 Pasahilos con cuadros de titanio<br \/>\n\u2022 Herrajes estampados con acabado de titanio mate<br \/>\n\u2022 Espaciadores de arce figurado de origen estadounidense<br \/>\n\u2022 Hermoso nuevo acabado de superficie azul semibrillante<br \/>\n\u2022 Ca\u00f1as ultraligeras con acci\u00f3n suave y de flexi\u00f3n media para presentaciones excepcionales. <\/span><\/p>\n","protected":false},"excerpt":{"rendered":"<p>Preg\u00fantale a un grupo de pescadores experimentados cu\u00e1l es la mejor ca\u00f1a para mosca seca de todos los tiempos, y seguro que mencionar\u00e1n la T&amp;T Paradigm m\u00e1s de una vez. Luego de veinte a\u00f1os seguimos con la misma inspiraci\u00f3n que la convirti\u00f3 una leyenda para crear una nueva Paradigm para el siglo XXI. Si bien [&hellip;]<\/p>\n","protected":false},"featured_media":439,"comment_status":"open","ping_status":"closed","template":"","meta":{"_acf_changed":false,"_joinchat":[]},"marca":[36],"product_brand":[177],"product_cat":[43,32],"product_tag":[161,176],"class_list":{"0":"post-438","1":"product","2":"type-product","3":"status-publish","4":"has-post-thumbnail","6":"marca-thomas-thomas","7":"product_brand-thomas-thomas","8":"product_cat-canas-y-combos","9":"product_cat-fly-fishing","10":"product_tag-cana","11":"product_tag-thomas-thomas","12":"product_shipping_class-medianos","14":"first","15":"instock","16":"shipping-taxable","17":"purchasable","18":"product-type-variable"},"acf":[],"_links":{"self":[{"href":"https:\/\/somosmosca.com.ar\/index.php\/wp-json\/wp\/v2\/product\/438","targetHints":{"allow":["GET"]}}],"collection":[{"href":"https:\/\/somosmosca.com.ar\/index.php\/wp-json\/wp\/v2\/product"}],"about":[{"href":"https:\/\/somosmosca.com.ar\/index.php\/wp-json\/wp\/v2\/types\/product"}],"replies":[{"embeddable":true,"href":"https:\/\/somosmosca.com.ar\/index.php\/wp-json\/wp\/v2\/comments?post=438"}],"wp:featuredmedia":[{"embeddable":true,"href":"https:\/\/somosmosca.com.ar\/index.php\/wp-json\/wp\/v2\/media\/439"}],"wp:attachment":[{"href":"https:\/\/somosmosca.com.ar\/index.php\/wp-json\/wp\/v2\/media?parent=438"}],"wp:term":[{"taxonomy":"marca","embeddable":true,"href":"https:\/\/somosmosca.com.ar\/index.php\/wp-json\/wp\/v2\/marca?post=438"},{"taxonomy":"product_brand","embeddable":true,"href":"https:\/\/somosmosca.com.ar\/index.php\/wp-json\/wp\/v2\/product_brand?post=438"},{"taxonomy":"product_cat","embeddable":true,"href":"https:\/\/somosmosca.com.ar\/index.php\/wp-json\/wp\/v2\/product_cat?post=438"},{"taxonomy":"product_tag","embeddable":true,"href":"https:\/\/somosmosca.com.ar\/index.php\/wp-json\/wp\/v2\/product_tag?post=438"}],"curies":[{"name":"wp","href":"https:\/\/api.w.org\/{rel}","templated":true}]}}