{"id":2233,"date":"2026-04-23T19:51:36","date_gmt":"2026-04-23T19:51:36","guid":{"rendered":"https:\/\/somosmosca.com.ar\/?post_type=product&#038;p=2233"},"modified":"2026-05-04T19:20:41","modified_gmt":"2026-05-04T19:20:41","slug":"anzuelo-mustad-signature-c49snp-br","status":"publish","type":"product","link":"https:\/\/somosmosca.com.ar\/index.php\/producto\/anzuelo-mustad-signature-c49snp-br\/","title":{"rendered":"ANZUELO MUSTAD SIGNATURE C49SNP-BR  50 unidades"},"content":{"rendered":"<ul>\n<li><strong>Ojo:<\/strong>\u00a045 grados hacia abajo.<\/li>\n<li><strong>Punta:<\/strong>\u00a0afilado qu\u00edmico.<\/li>\n<li><strong>Alambre:<\/strong>\u00a0standard.<\/li>\n<li><strong>Largo de pata:<\/strong>curva 1X short.<\/li>\n<li><strong>Terminaci\u00f3n:<\/strong>\u00a0tradicional bronce de agua dulce.<\/li>\n<li><strong>Revirado:<\/strong>\u00a0no<\/li>\n<li><strong>Forjado:<\/strong>\u00a0no.<\/li>\n<li><strong>Aplicaci\u00f3n:<\/strong>\u00a0anzuelo standart para el atado de ninfas cortas de cuerpo curvo, como pupas de caddis, ninfas de mayflies cortas, scuds, ninfas checas y emergers Klinkhammer. Tambi\u00e9n para huevos. Ideal para salm\u00f3nidos y otros peces de agua dulce de similar tama\u00f1o<\/li>\n<\/ul>\n","protected":false},"excerpt":{"rendered":"<p>Ojo:\u00a045 grados hacia abajo. Punta:\u00a0afilado qu\u00edmico. Alambre:\u00a0standard. Largo de pata:curva 1X short. Terminaci\u00f3n:\u00a0tradicional bronce de agua dulce. Revirado:\u00a0no Forjado:\u00a0no. Aplicaci\u00f3n:\u00a0anzuelo standart para el atado de ninfas cortas de cuerpo curvo, como pupas de caddis, ninfas de mayflies cortas, scuds, ninfas checas y emergers Klinkhammer. Tambi\u00e9n para huevos. Ideal para salm\u00f3nidos y otros peces de agua [&hellip;]<\/p>\n","protected":false},"featured_media":2237,"comment_status":"open","ping_status":"closed","template":"","meta":{"_acf_changed":false,"_joinchat":[]},"marca":[24],"product_brand":[235],"product_cat":[258,35],"product_tag":[236,237],"class_list":{"0":"post-2233","1":"product","2":"type-product","3":"status-publish","4":"has-post-thumbnail","6":"marca-mustad","7":"product_brand-mustad","8":"product_cat-anzuelos-fly-tying","9":"product_cat-fly-tying","10":"product_tag-anzuelo","11":"product_tag-mustad","12":"product_shipping_class-medianos","14":"first","15":"instock","16":"shipping-taxable","17":"purchasable","18":"product-type-variable"},"acf":[],"_links":{"self":[{"href":"https:\/\/somosmosca.com.ar\/index.php\/wp-json\/wp\/v2\/product\/2233","targetHints":{"allow":["GET"]}}],"collection":[{"href":"https:\/\/somosmosca.com.ar\/index.php\/wp-json\/wp\/v2\/product"}],"about":[{"href":"https:\/\/somosmosca.com.ar\/index.php\/wp-json\/wp\/v2\/types\/product"}],"replies":[{"embeddable":true,"href":"https:\/\/somosmosca.com.ar\/index.php\/wp-json\/wp\/v2\/comments?post=2233"}],"wp:featuredmedia":[{"embeddable":true,"href":"https:\/\/somosmosca.com.ar\/index.php\/wp-json\/wp\/v2\/media\/2237"}],"wp:attachment":[{"href":"https:\/\/somosmosca.com.ar\/index.php\/wp-json\/wp\/v2\/media?parent=2233"}],"wp:term":[{"taxonomy":"marca","embeddable":true,"href":"https:\/\/somosmosca.com.ar\/index.php\/wp-json\/wp\/v2\/marca?post=2233"},{"taxonomy":"product_brand","embeddable":true,"href":"https:\/\/somosmosca.com.ar\/index.php\/wp-json\/wp\/v2\/product_brand?post=2233"},{"taxonomy":"product_cat","embeddable":true,"href":"https:\/\/somosmosca.com.ar\/index.php\/wp-json\/wp\/v2\/product_cat?post=2233"},{"taxonomy":"product_tag","embeddable":true,"href":"https:\/\/somosmosca.com.ar\/index.php\/wp-json\/wp\/v2\/product_tag?post=2233"}],"curies":[{"name":"wp","href":"https:\/\/api.w.org\/{rel}","templated":true}]}}