{"id":2203,"date":"2026-04-23T15:36:39","date_gmt":"2026-04-23T15:36:39","guid":{"rendered":"https:\/\/somosmosca.com.ar\/?post_type=product&#038;p=2203"},"modified":"2026-04-23T15:36:39","modified_gmt":"2026-04-23T15:36:39","slug":"anzuelo-mustad-alpha-point-10903ap-tx","status":"publish","type":"product","link":"https:\/\/somosmosca.com.ar\/index.php\/producto\/anzuelo-mustad-alpha-point-10903ap-tx\/","title":{"rendered":"ANZUELO MUSTAD ALPHA POINT 10903AP-TX"},"content":{"rendered":"<p>ANZUELO MUSTAD ALPHA POINT 10903AP-TX<\/p>\n<p>Un anzuelo cebo multiusos de gran \u00e9xito, el Iseama Hook se ha ganado una mejora. Ahora, con las \u00faltimas tecnolog\u00edas de anzuelos de Mustad, este anzuelo de pesca lleva la forma ic\u00f3nica al siguiente nivel en presentaciones t\u00e9cnicas de pesca. El punto de anzuelo AlphaPoint\u00ae presume de una punta m\u00e1s delgada y pegajosa que penetra r\u00e1pidamente para lanzamientos de anzuelo s\u00f3lidos y sin esfuerzo. El v\u00e1stago kirbed se mantiene firme cuando se lanza y el fuerte alambre de anzuelo de Mustad lo hace una excelente opci\u00f3n para la pesca de fondo de mand\u00edbulas espinosas. Para un aspecto elegante y gris mate, Mustad ha aplicado su recubrimiento TitanX que ofrece 48 horas de resistencia al \u00f3xido y un acabado ultrafino que lo convierte en el anzuelo m\u00e1s afilado de Mustad hasta el momento<\/p>\n<p>&nbsp;<\/p>\n<ul>\n<li style=\"list-style-type: none\">\n<ul>\n<li>Tecnolog\u00eda AlphaPoint\u00ae 4.8<\/li>\n<li>Punta de aguja Opti-Angle<\/li>\n<li>1X Fuerte<\/li>\n<li>Kirbed<\/li>\n<li>Ojal con anillo<\/li>\n<li>Forjado<\/li>\n<li>Templado en Nor<\/li>\n<\/ul>\n<\/li>\n<\/ul>\n<p>&nbsp;<\/p>\n<p>&nbsp;<\/p>\n","protected":false},"excerpt":{"rendered":"<p>ANZUELO MUSTAD ALPHA POINT 10903AP-TX Un anzuelo cebo multiusos de gran \u00e9xito, el Iseama Hook se ha ganado una mejora. Ahora, con las \u00faltimas tecnolog\u00edas de anzuelos de Mustad, este anzuelo de pesca lleva la forma ic\u00f3nica al siguiente nivel en presentaciones t\u00e9cnicas de pesca. El punto de anzuelo AlphaPoint\u00ae presume de una punta m\u00e1s [&hellip;]<\/p>\n","protected":false},"featured_media":2209,"comment_status":"open","ping_status":"closed","template":"","meta":{"_acf_changed":false,"_joinchat":[]},"marca":[24],"product_brand":[235],"product_cat":[234,32],"product_tag":[236,237],"class_list":{"0":"post-2203","1":"product","2":"type-product","3":"status-publish","4":"has-post-thumbnail","6":"marca-mustad","7":"product_brand-mustad","8":"product_cat-anzuelos","9":"product_cat-fly-fishing","10":"product_tag-anzuelo","11":"product_tag-mustad","12":"product_shipping_class-medianos","14":"first","15":"instock","16":"shipping-taxable","17":"purchasable","18":"product-type-variable"},"acf":[],"_links":{"self":[{"href":"https:\/\/somosmosca.com.ar\/index.php\/wp-json\/wp\/v2\/product\/2203","targetHints":{"allow":["GET"]}}],"collection":[{"href":"https:\/\/somosmosca.com.ar\/index.php\/wp-json\/wp\/v2\/product"}],"about":[{"href":"https:\/\/somosmosca.com.ar\/index.php\/wp-json\/wp\/v2\/types\/product"}],"replies":[{"embeddable":true,"href":"https:\/\/somosmosca.com.ar\/index.php\/wp-json\/wp\/v2\/comments?post=2203"}],"wp:featuredmedia":[{"embeddable":true,"href":"https:\/\/somosmosca.com.ar\/index.php\/wp-json\/wp\/v2\/media\/2209"}],"wp:attachment":[{"href":"https:\/\/somosmosca.com.ar\/index.php\/wp-json\/wp\/v2\/media?parent=2203"}],"wp:term":[{"taxonomy":"marca","embeddable":true,"href":"https:\/\/somosmosca.com.ar\/index.php\/wp-json\/wp\/v2\/marca?post=2203"},{"taxonomy":"product_brand","embeddable":true,"href":"https:\/\/somosmosca.com.ar\/index.php\/wp-json\/wp\/v2\/product_brand?post=2203"},{"taxonomy":"product_cat","embeddable":true,"href":"https:\/\/somosmosca.com.ar\/index.php\/wp-json\/wp\/v2\/product_cat?post=2203"},{"taxonomy":"product_tag","embeddable":true,"href":"https:\/\/somosmosca.com.ar\/index.php\/wp-json\/wp\/v2\/product_tag?post=2203"}],"curies":[{"name":"wp","href":"https:\/\/api.w.org\/{rel}","templated":true}]}}