{"id":1388,"date":"2026-03-19T19:41:51","date_gmt":"2026-03-19T19:41:51","guid":{"rendered":"https:\/\/somosmosca.com.ar\/?post_type=product&#038;p=1388"},"modified":"2026-03-19T19:44:29","modified_gmt":"2026-03-19T19:44:29","slug":"patagonia-medias-de-neoprene-yulex-wading-socks","status":"publish","type":"product","link":"https:\/\/somosmosca.com.ar\/index.php\/producto\/patagonia-medias-de-neoprene-yulex-wading-socks\/","title":{"rendered":"PATAGONIA MEDIAS DE NEOPRENE Yulex Wading Socks"},"content":{"rendered":"<p><span data-sheets-root=\"1\">Nuestros Yulex\u00ae Wading Socks son calcetines de vadeo c\u00f3modos, duraderos y sin neopreno hechos de 85% caucho natural y 15% caucho sint\u00e9tico por contenido de pol\u00edmero. Perfectos para el vadeo mojado o para llevar dentro de nuestros Packable Waders para mayor calidez. Certificaci\u00f3n Fair Trade\u2122.<\/span><\/p>\n","protected":false},"excerpt":{"rendered":"<p>Nuestros Yulex\u00ae Wading Socks son calcetines de vadeo c\u00f3modos, duraderos y sin neopreno hechos de 85% caucho natural y 15% caucho sint\u00e9tico por contenido de pol\u00edmero. Perfectos para el vadeo mojado o para llevar dentro de nuestros Packable Waders para mayor calidez. Certificaci\u00f3n Fair Trade\u2122.<\/p>\n","protected":false},"featured_media":1393,"comment_status":"open","ping_status":"closed","template":"","meta":{"_acf_changed":false,"_joinchat":[]},"marca":[102],"product_brand":[98],"product_cat":[49,32,48,47],"product_tag":[125,101,100],"class_list":{"0":"post-1388","1":"product","2":"type-product","3":"status-publish","4":"has-post-thumbnail","6":"marca-patagonia","7":"product_brand-patagonia","8":"product_cat-accesorios","9":"product_cat-fly-fishing","10":"product_cat-indumentaria-gorros-y-lentes","11":"product_cat-waders-botas-y-accesorios-de-vadeo","12":"product_tag-medias","13":"product_tag-patagonia","14":"product_tag-vadeo","16":"first","17":"instock","18":"shipping-taxable","19":"purchasable","20":"product-type-variable"},"acf":[],"_links":{"self":[{"href":"https:\/\/somosmosca.com.ar\/index.php\/wp-json\/wp\/v2\/product\/1388","targetHints":{"allow":["GET"]}}],"collection":[{"href":"https:\/\/somosmosca.com.ar\/index.php\/wp-json\/wp\/v2\/product"}],"about":[{"href":"https:\/\/somosmosca.com.ar\/index.php\/wp-json\/wp\/v2\/types\/product"}],"replies":[{"embeddable":true,"href":"https:\/\/somosmosca.com.ar\/index.php\/wp-json\/wp\/v2\/comments?post=1388"}],"wp:featuredmedia":[{"embeddable":true,"href":"https:\/\/somosmosca.com.ar\/index.php\/wp-json\/wp\/v2\/media\/1393"}],"wp:attachment":[{"href":"https:\/\/somosmosca.com.ar\/index.php\/wp-json\/wp\/v2\/media?parent=1388"}],"wp:term":[{"taxonomy":"marca","embeddable":true,"href":"https:\/\/somosmosca.com.ar\/index.php\/wp-json\/wp\/v2\/marca?post=1388"},{"taxonomy":"product_brand","embeddable":true,"href":"https:\/\/somosmosca.com.ar\/index.php\/wp-json\/wp\/v2\/product_brand?post=1388"},{"taxonomy":"product_cat","embeddable":true,"href":"https:\/\/somosmosca.com.ar\/index.php\/wp-json\/wp\/v2\/product_cat?post=1388"},{"taxonomy":"product_tag","embeddable":true,"href":"https:\/\/somosmosca.com.ar\/index.php\/wp-json\/wp\/v2\/product_tag?post=1388"}],"curies":[{"name":"wp","href":"https:\/\/api.w.org\/{rel}","templated":true}]}}