{"id":1365,"date":"2026-03-19T19:16:38","date_gmt":"2026-03-19T19:16:38","guid":{"rendered":"https:\/\/somosmosca.com.ar\/?post_type=product&#038;p=1365"},"modified":"2026-03-19T19:16:38","modified_gmt":"2026-03-19T19:16:38","slug":"patagonia-bandolera-stealth-sling","status":"publish","type":"product","link":"https:\/\/somosmosca.com.ar\/index.php\/producto\/patagonia-bandolera-stealth-sling\/","title":{"rendered":"PATAGONIA BANDOLERA Stealth Sling"},"content":{"rendered":"<p><span data-sheets-root=\"1\">Con amplio almacenamiento, m\u00faltiples compartimientos organizadores y materiales livianos, el Stealth Sling de 10 litros es nuestra mochila tipo bandolera resistente al agua est\u00e1 dise\u00f1ada para viajes de un d\u00eda \u00e9picos y posee espacio suficiente para una caja de moscas m\u00e1s. Hecho en una f\u00e1brica con certificaci\u00f3n Fair Trade\u2122<br \/>\nLa cubierta est\u00e1 hecha de nylon anti desgarro 100 % reciclado de 6 oz con un revestimiento de poliuretano en un lado y un revestimiento de TPU en el reverso<br \/>\nDise\u00f1ado para ser liviano, silencioso y amoldarse al cuerpo para facilitar el moldeado y un uso c\u00f3modo durante todo el d\u00eda<br \/>\nLa capacidad de Stealth Sling es de 10 litros<br \/>\nLos imanes integrados en la parte delantera de la mochila y las correas para los hombros sujetan temporalmente moscas o pinzas para cambiar la mosca m\u00e1s r\u00e1pido<br \/>\nLa funda de hidrataci\u00f3n de doble entrada asegura el contenedor en la parte superior para un acceso r\u00e1pido; posee m\u00faltiples anillos en D, estaciones de acoplamiento y fundas para engranajes mantienen el equipo al alcance de la mano<br \/>\nLas fundas integradas permiten un porte de red seguro para diestros o zurdos; bolsillo interno impermeable; para almacenamiento dentro o fuera de la mochila, hay un bolsillo impermeable removible construido con tecnolog\u00eda TRU\u00ae Zip<br \/>\nPeso 650 g<br \/>\n<\/span><\/p>\n","protected":false},"excerpt":{"rendered":"<p>Con amplio almacenamiento, m\u00faltiples compartimientos organizadores y materiales livianos, el Stealth Sling de 10 litros es nuestra mochila tipo bandolera resistente al agua est\u00e1 dise\u00f1ada para viajes de un d\u00eda \u00e9picos y posee espacio suficiente para una caja de moscas m\u00e1s. Hecho en una f\u00e1brica con certificaci\u00f3n Fair Trade\u2122 La cubierta est\u00e1 hecha de nylon [&hellip;]<\/p>\n","protected":false},"featured_media":1369,"comment_status":"open","ping_status":"closed","template":"","meta":{"_acf_changed":false,"_joinchat":[]},"marca":[102],"product_brand":[98],"product_cat":[32,48,47],"product_tag":[101,120],"class_list":{"0":"post-1365","1":"product","2":"type-product","3":"status-publish","4":"has-post-thumbnail","6":"marca-patagonia","7":"product_brand-patagonia","8":"product_cat-fly-fishing","9":"product_cat-indumentaria-gorros-y-lentes","10":"product_cat-waders-botas-y-accesorios-de-vadeo","11":"product_tag-patagonia","12":"product_tag-rinonera","14":"first","15":"instock","16":"shipping-taxable","17":"purchasable","18":"product-type-variable"},"acf":[],"_links":{"self":[{"href":"https:\/\/somosmosca.com.ar\/index.php\/wp-json\/wp\/v2\/product\/1365","targetHints":{"allow":["GET"]}}],"collection":[{"href":"https:\/\/somosmosca.com.ar\/index.php\/wp-json\/wp\/v2\/product"}],"about":[{"href":"https:\/\/somosmosca.com.ar\/index.php\/wp-json\/wp\/v2\/types\/product"}],"replies":[{"embeddable":true,"href":"https:\/\/somosmosca.com.ar\/index.php\/wp-json\/wp\/v2\/comments?post=1365"}],"wp:featuredmedia":[{"embeddable":true,"href":"https:\/\/somosmosca.com.ar\/index.php\/wp-json\/wp\/v2\/media\/1369"}],"wp:attachment":[{"href":"https:\/\/somosmosca.com.ar\/index.php\/wp-json\/wp\/v2\/media?parent=1365"}],"wp:term":[{"taxonomy":"marca","embeddable":true,"href":"https:\/\/somosmosca.com.ar\/index.php\/wp-json\/wp\/v2\/marca?post=1365"},{"taxonomy":"product_brand","embeddable":true,"href":"https:\/\/somosmosca.com.ar\/index.php\/wp-json\/wp\/v2\/product_brand?post=1365"},{"taxonomy":"product_cat","embeddable":true,"href":"https:\/\/somosmosca.com.ar\/index.php\/wp-json\/wp\/v2\/product_cat?post=1365"},{"taxonomy":"product_tag","embeddable":true,"href":"https:\/\/somosmosca.com.ar\/index.php\/wp-json\/wp\/v2\/product_tag?post=1365"}],"curies":[{"name":"wp","href":"https:\/\/api.w.org\/{rel}","templated":true}]}}